61. Let w = 116 - n. Let l = w - -126. What are the prime factors of l?
2, 17
Let u(f) be the third derivative of -f**6/120 - f**5/60 - f**4/12 + 83*f**3/3 - 27*f**2 - 2. Let n be (-20)/(-5) - (-2 + 6). List the prime factors of u(n).
2, 83
Suppose 7*d - 30 = 2*d. Let r(o) = 12*o + 101. Let m be r(-9). What are the prime factors of d - ((m - -4) + 2)?
7
Let o(v) = -6*v - 78. Let l be o(-13). Suppose l = 6*r - 3*r + 5*c - 378, 3*c - 493 = -4*r. What are the prime factors of r?
11
Let q(n) = -n**3 + 6*n**2 - 4*n - 14. Let g be q(4). Suppose -o + 4*y + 323 = 0, o - y = -g*y + 333. What are the prime factors of o?
331
Suppose -62*y = 4*b - 66*y - 8560, -2*b - 2*y = -4260. Let u = b + -1177. List the prime factors of u.
2, 479
Let m(o) = -2*o**2 + 6*o - 10. Let x be m(2). What are the prime factors of (0 - (-339)/4)/(x/(-24))?
3, 113
Let g(o) = 28*o + 1877. Let r be g(-67). Let u be 0 - -2 - 1 - 0. List the prime factors of (3*u)/(2/52*r).
2, 3, 13
Let m(a) = -837*a + 6469. List the prime factors of m(0).
6469
Let i(w) = 17 + 4*w - 46 - 12*w - 15*w. Suppose 3*r - 5*r = 14. What are the prime factors of i(r)?
2, 3, 11
Suppose 86*c - 82*c = -3*l + 21453, -l - 3*c + 7151 = 0. List the prime factors of l.
7151
Let k(i) be the second derivative of i**4/4 + 125*i**2/2 + 145*i. Suppose 0 = -0*o - 2*o. What are the prime factors of k(o)?
5
Suppose 4*b + 36732 = 3*j, -12244 = -j + 97*b - 99*b. List the prime factors of j.
2, 3061
Suppose -22*k + 5*k = -391. Suppose 24*q = k*q + 933. What are the prime factors of q?
3, 311
Suppose 2*y + y = -3*a + 6, 0 = -5*y + 3*a - 6. Suppose -3*g = -q + 1, y = -g - 3*q - 6 - 1. What are the prime factors of (-27 - -28)/(292/(-294) - g)?
3, 7
Suppose -5 = 5*t, -15*c + 12*c = 2*t - 19258. List the prime factors of c.
2, 3, 5, 107
Let p(k) = -94*k + 3. Let v be p(-3). Let a be 0 + 9 + (-49 - (-23 + -19)). Suppose 2*n + 5*i + 373 = 6*n, 0 = 3*n - a*i - v. What are the prime factors of n?
97
Suppose 150800 = -5*f + 25*f. List the prime factors of f.
2, 5, 13, 29
Suppose 0 = -d + 3 - 3. Suppose 0 = s - 5*q + 20, d = -2*s - q + 4. Suppose s = -3*z - 2*z + 835. List the prime factors of z.
167
Let c = 825 - 390. Let i = -164 + c. What are the prime factors of i?
271
Let y(j) = -j**2 + 770. Let b(c) = -c**2 - 5*c + 24. Let i be b(-8). What are the prime factors of y(i)?
2, 5, 7, 11
Suppose -4*k + 6 = -3*k - a, -5*a = k + 24. Let v be (-3 - k/4)/((-4)/32). Let d = 91 + v. What are the prime factors of d?
3, 13
Let x = -11083 + 17417. List the prime factors of x.
2, 3167
Let y(x) = x**2 - 21*x + 4. Let b be y(-6). Suppose -9*j - b = -1228. Let p = 185 - j. List the prime factors of p.
67
Suppose -83691 = 37*b - 252966. Suppose 5*i = 4*a - 6095, 0 = 6*a - 3*a - 3*i - b. What are the prime factors of a?
2, 3, 5, 17
Suppose -11*w - 188 = -13*w. Suppose 51 = 3*r - 5*u - w, 0 = -r - u + 35. List the prime factors of r.
2, 5
Let f(h) = -5*h + 70 - 2*h + 20*h + 15*h. What are the prime factors of f(3)?
2, 7, 11
Let b be 26/247 + (-460)/38. What are the prime factors of 90858/78 - b/78?
5, 233
Suppose 0*m = -m + 17. Suppose 4 + m = 7*d. Suppose -d*l = 2*v - 164, -5*l - 84 = -v - 6*l. List the prime factors of v.
2, 11
Let m be (-2)/9 + (-1236)/27. Let a be 1 + -1 + -3 + (-348)/(-4). Let s = a + m. What are the prime factors of s?
2, 19
Let v = -749 + 3953. Suppose -169*f = -163*f - v. List the prime factors of f.
2, 3, 89
Let u(f) = 51*f**2 - 49*f + 886. What are the prime factors of u(20)?
2, 11, 13, 71
Let w be -5*(-4)/((-12)/(-189)). What are the prime factors of w - (-1)/((-7)/42)?
3, 103
Suppose z = c + 2220, 3*c + 3824 + 7274 = 5*z. What are the prime factors of z?
7, 317
Let z = 360 + 832. Suppose -4*d - z = -6*d. What are the prime factors of d/10 - (-4)/10?
2, 3, 5
Let x(k) = -k**3 + 17*k**2 - 16*k + 40. Let m be x(16). Suppose 45*c - m*c = 825. What are the prime factors of c?
3, 5, 11
Let m(x) = 3*x**3 + 10*x + 1. Let z be m(5). Let a = z - -49. List the prime factors of a.
5, 19
Let a(z) = -2*z + 37. Let q(b) = -15*b**2. Let x = -15 + 14. Let s be q(x). What are the prime factors of a(s)?
67
Let g = -53392 + 123482. List the prime factors of g.
2, 5, 43, 163
Suppose -v + 5*v - 2484 = -5*b, -5*b = 3*v - 1863. Suppose z - 34 = 2*t - v, t - 301 = -z. List the prime factors of t.
2, 37
Let y(q) = -3*q**3 - q**2 + 7*q + 6. Let r be -3 + 18/5 + (-56)/10. List the prime factors of y(r).
3, 107
Let i(z) = 125*z**2 - 76*z + 653. What are the prime factors of i(7)?
2, 3, 347
Suppose -4*x + z = 428, -3*x - z - 169 = 159. What are the prime factors of -225*((-2)/8 - (-657)/x)?
3, 5, 19
Let g(l) = -28*l**3 - 6*l**2 + 99*l + 49. List the prime factors of g(-12).
46381
Suppose -4*d - 2*f = -7050, 5*f - 8*f = 3*d - 5286. Suppose -a + 4 = 0, 0*t - d = -5*t + 3*a. List the prime factors of t.
5, 71
Let r be ((-6)/4)/((-1)/2) - -2. Suppose 0 = -2*k + 3*a + a + 730, r*k = -4*a + 1825. List the prime factors of k.
5, 73
Let s be (-8 + 148)*((-11)/4 + 2). What are the prime factors of 1 + (-3)/5 - 107163/s?
1021
Let c(w) = -w**3 - 7*w**2 - 3*w + 20. Let j be c(-6). Suppose 0*x + 5 = x. Suppose x*y + 6 = 5*z + 91, -j*z = y - 17. List the prime factors of y.
17
Let r(k) = 44*k - 788. Let w be r(18). Let o(n) = -15 + 5*n + 3*n**2 + 5*n**2 + 2*n. List the prime factors of o(w).
3, 47
Let d = 307 - 262. Suppose d*y = 44*y + 339. List the prime factors of y.
3, 113
Let d = -19 - -24. Suppose 6 - d = m. Suppose 5*u - 22 + 4 = -4*f, -m = -f - 3*u. What are the prime factors of f?
7
Let l be -1*6*(-58)/6. Let q = 1082 - 1053. Let o = l + q. What are the prime factors of o?
3, 29
List the prime factors of (-284828)/(-16) - (-3 + 18)*(-1)/(-20).
7, 2543
Let w = 15930 - 8551. What are the prime factors of w?
47, 157
Let a be (-182)/3 - 32/(-48). Let i = a + 64. Suppose -5*k + 0*w + 65 = w, -i*k = -2*w - 52. What are the prime factors of k?
13
List the prime factors of (17 + 1144/16)/(258/256 - 1).
2, 3, 59
Let z = 316 + -307. Suppose -z*o + 8652 = 2307. List the prime factors of o.
3, 5, 47
Let i = -41 + 42. Let r(h) = 362*h - 8. Let c be r(i). Suppose -12 = -4*y, 2*y = 2*l - 6*l + c. List the prime factors of l.
3, 29
Let v be (-268)/(-12) - 3 - 1/3. Suppose 25*s - v*s = -1902. Let u = s - -585. List the prime factors of u.
2, 67
List the prime factors of (((-4432)/(-56))/((-16)/(-28)))/(1/114).
3, 19, 277
Let z = 3632 + 238. What are the prime factors of z?
2, 3, 5, 43
Suppose 0 = -116*k + 112*k + 12. What are the prime factors of ((-30668)/(-55))/4 - k/(-5)?
2, 5, 7
Suppose 73*s + 380373 = 94*s. List the prime factors of s.
59, 307
Let b be (-4)/2 - (8 + -1). Let m(d) be the first derivative of -d**4/4 - 8*d**3/3 + d**2 + 20*d + 1542. What are the prime factors of m(b)?
83
Let n(s) = 194*s**3 + 4*s**2 + 36*s - 81. List the prime factors of n(4).
3, 37, 113
Suppose -2*b = -f + 2*b, -5*f + 5*b = -15. List the prime factors of f/(-3 + 590/196).
2, 7
Suppose 2*q = 4*l + 36, -q + 6 = 2*l + 4*q. What are the prime factors of (2 + l)/(2/(-182))?
5, 7, 13
Suppose 114*b = 34*b + 253760. What are the prime factors of b?
2, 13, 61
Suppose 1502 - 123 = 7*m. Let s = m + 330. Suppose -3*y + s = -337. List the prime factors of y.
2, 3
Suppose -13 - 5 = -6*q. Suppose -18*d + q*d = -6840. What are the prime factors of d?
2, 3, 19
Let t(s) = -s**3 - s + 2. Let x be t(0). Suppose -b = 2*i + 4*b - 35, -25 = -x*i - 3*b. Suppose 62 = i*k - 18. List the prime factors of k.
2
Let f(i) = i**3 + 21*i**2 - 31*i - 178. What are the prime factors of f(-7)?
5, 29
Let f(y) = 7*y**2 - 8*y - 34. List the prime factors of f(16).
2, 5, 163
Let u = 4759 + -561. What are the prime factors of u?
2, 2099
Let a = 812 - 808. Suppose -a*z + 13*w = 14*w - 4274, 1067 = z + w. What are the prime factors of z?
1069
Let a(p) = 3*p - 17. Let o be a(3). Let v(s) = -s**3 - 11*s**2 - 8*s + 2. Let q be v(o). Let c = -29 - q. List the prime factors of c.
97
Let r(z) = 2*z**3 + 126*z**2 - 255*z - 107. List the prime factors of r(-58).
11, 23, 191
Let a be 212 + 2*(-15)/(-6). Suppose 81*y = 88*y - a. What are the prime factors of y?
31
Let w(s) = -s**3 + 3*s**2 - 2. Let q be ((-14)/(-3) - 6)*3/(-2). Let d be w(q). List the prime factors of (-1 + d)*(97 + -7).
2, 3, 5
Let q be (4 + -11 + -17)/(-3). What are t